{"id":505,"date":"2024-03-20T20:23:59","date_gmt":"2024-03-20T19:23:59","guid":{"rendered":"https:\/\/adepyme.com\/?page_id=505"},"modified":"2024-03-20T20:29:05","modified_gmt":"2024-03-20T19:29:05","slug":"soluciones-2-copy-copy-5","status":"publish","type":"page","link":"https:\/\/adepyme.com\/index.php\/soluciones-2-copy-copy-5\/","title":{"rendered":"M\u00e9todo del caso"},"content":{"rendered":"\n\n\t<p><strong>M\u00e9todo del caso<\/strong><\/p>\n<p>El m\u00e9todo del caso naci\u00f3 en la facultad de Derecho de Harvard a principios del siglo XX con la idea de que los alumnos de Derecho aprendieran las leyes enfrent\u00e1ndose a casos reales que deb\u00edan analizar, buscar sus propias resoluciones y valorar la actuaci\u00f3n descrita en el caso concreto que se trabajaba. Es una estrategia de aprendizaje que se extendi\u00f3 r\u00e1pidamente a otras ramas del saber, propicia en el que aprende una serie de habilidades importantes como el an\u00e1lisis, la relaci\u00f3n, la toma de decisiones o el di\u00e1logo con los compa\u00f1eros, entre otras.<\/p>\n<p><strong>\u00a0<\/strong><\/p>\n\n","protected":false},"excerpt":{"rendered":"<p>M\u00e9todo del caso El m\u00e9todo del caso naci\u00f3 en la facultad de Derecho de Harvard a principios del siglo XX [&hellip;]<\/p>\n","protected":false},"author":1,"featured_media":0,"parent":0,"menu_order":0,"comment_status":"closed","ping_status":"closed","template":"","meta":{"footnotes":""},"class_list":["post-505","page","type-page","status-publish","hentry"],"_links":{"self":[{"href":"https:\/\/adepyme.com\/index.php\/wp-json\/wp\/v2\/pages\/505","targetHints":{"allow":["GET"]}}],"collection":[{"href":"https:\/\/adepyme.com\/index.php\/wp-json\/wp\/v2\/pages"}],"about":[{"href":"https:\/\/adepyme.com\/index.php\/wp-json\/wp\/v2\/types\/page"}],"author":[{"embeddable":true,"href":"https:\/\/adepyme.com\/index.php\/wp-json\/wp\/v2\/users\/1"}],"replies":[{"embeddable":true,"href":"https:\/\/adepyme.com\/index.php\/wp-json\/wp\/v2\/comments?post=505"}],"version-history":[{"count":2,"href":"https:\/\/adepyme.com\/index.php\/wp-json\/wp\/v2\/pages\/505\/revisions"}],"predecessor-version":[{"id":522,"href":"https:\/\/adepyme.com\/index.php\/wp-json\/wp\/v2\/pages\/505\/revisions\/522"}],"wp:attachment":[{"href":"https:\/\/adepyme.com\/index.php\/wp-json\/wp\/v2\/media?parent=505"}],"curies":[{"name":"wp","href":"https:\/\/api.w.org\/{rel}","templated":true}]}}