{"id":501,"date":"2024-03-20T20:23:13","date_gmt":"2024-03-20T19:23:13","guid":{"rendered":"https:\/\/adepyme.com\/?page_id=501"},"modified":"2024-03-20T20:52:37","modified_gmt":"2024-03-20T19:52:37","slug":"soluciones-2-copy-copy-3","status":"publish","type":"page","link":"https:\/\/adepyme.com\/index.php\/soluciones-2-copy-copy-3\/","title":{"rendered":"Recursos humanos"},"content":{"rendered":"\n\n\t<h4><strong>Recursos humanos<\/strong><\/h4>\n<p>Conjunto de colaboradores, contratados en un organismo social&#8230;cualquier persona f\u00edsica que posea una vinculaci\u00f3n a una organizaci\u00f3n, sector o econom\u00eda, se considera un recurso humano. El proceso de RH realiza toda gesti\u00f3n relacionada con un trabajador, o varios, del organismo social desempe\u00f1ando esencialmente la funci\u00f3n de admisi\u00f3n, empleo y desarrollo de personal.<\/p>\n<p><strong>\u00a0<\/strong><\/p>\n\t5s + 1 programa de orden y limpieza<br \/>\nAplicaci\u00f3n de los 7 h\u00e1bitos de la gente altamente efectiva.<br \/>\nClima laboral y diagn\u00f3stico organizacional.<br \/>\nComunicaci\u00f3n asertiva, credibilidad y liderazgo.<br \/>\nComunicaci\u00f3n efectiva y relaciones interpersonales.<br \/>\nDesarrollando una comunicaci\u00f3n asertiva<br \/>\nDesarrollo de habilidades y actitudes para la productividad laboral<br \/>\nDesarrollo y administraci\u00f3n de planes de carrera.<br \/>\nDesarrollo y gesti\u00f3n por competencias.<br \/>\nDetecci\u00f3n de necesidades de capacitaci\u00f3n (DNC).<br \/>\n\u00c9tica y sus valores<br \/>\nEvaluaci\u00f3n del desempe\u00f1o en 3600.<br \/>\nEvaluaci\u00f3n del desempe\u00f1o por competencias.<br \/>\nFacultamiento (empowerment).<br \/>\nFundamentos de negociaci\u00f3n y manejo de conflictos.<br \/>\nManejo del estr\u00e9s laboral<br \/>\nMotivaci\u00f3n, autoestima y superaci\u00f3n personal.<br \/>\nMujer ejecutiva: liderazgo y desarrollo.<br \/>\nPlan de vida y carrera<br \/>\nSensibilizaci\u00f3n al cambio<br \/>\nSistemas de incentivos y reconocimiento.<br \/>\nTaller de autoestima<br \/>\nTaller de desarrollo personal y laboral<br \/>\nT\u00e9cnicas de comportamiento organizacional<br \/>\nTrabajo en equipo\n\n","protected":false},"excerpt":{"rendered":"<p>Recursos humanos Conjunto de colaboradores, contratados en un organismo social&#8230;cualquier persona f\u00edsica que posea una vinculaci\u00f3n a una organizaci\u00f3n, sector [&hellip;]<\/p>\n","protected":false},"author":1,"featured_media":0,"parent":0,"menu_order":0,"comment_status":"closed","ping_status":"closed","template":"","meta":{"footnotes":""},"class_list":["post-501","page","type-page","status-publish","hentry"],"_links":{"self":[{"href":"https:\/\/adepyme.com\/index.php\/wp-json\/wp\/v2\/pages\/501","targetHints":{"allow":["GET"]}}],"collection":[{"href":"https:\/\/adepyme.com\/index.php\/wp-json\/wp\/v2\/pages"}],"about":[{"href":"https:\/\/adepyme.com\/index.php\/wp-json\/wp\/v2\/types\/page"}],"author":[{"embeddable":true,"href":"https:\/\/adepyme.com\/index.php\/wp-json\/wp\/v2\/users\/1"}],"replies":[{"embeddable":true,"href":"https:\/\/adepyme.com\/index.php\/wp-json\/wp\/v2\/comments?post=501"}],"version-history":[{"count":3,"href":"https:\/\/adepyme.com\/index.php\/wp-json\/wp\/v2\/pages\/501\/revisions"}],"predecessor-version":[{"id":532,"href":"https:\/\/adepyme.com\/index.php\/wp-json\/wp\/v2\/pages\/501\/revisions\/532"}],"wp:attachment":[{"href":"https:\/\/adepyme.com\/index.php\/wp-json\/wp\/v2\/media?parent=501"}],"curies":[{"name":"wp","href":"https:\/\/api.w.org\/{rel}","templated":true}]}}