{"id":493,"date":"2024-03-20T20:20:54","date_gmt":"2024-03-20T19:20:54","guid":{"rendered":"https:\/\/adepyme.com\/?page_id=493"},"modified":"2024-04-12T07:21:25","modified_gmt":"2024-04-12T05:21:25","slug":"soluciones-2-copy","status":"publish","type":"page","link":"https:\/\/adepyme.com\/index.php\/soluciones-2-copy\/","title":{"rendered":"Desarrollo organizacional"},"content":{"rendered":"\r\n\r\n\t<p><strong>Desarrollo organizacional<\/strong><\/p>\r\n<p>El desarrollo organizacional es un conjunto de estrategias y t\u00e1cticas planificadas de una empresa compuesta por el talento humano que se acompa\u00f1a de herramientas y\u00a0pr\u00e1cticas\u00a0para alinear los objetivos de la empresa con los de los colaboradores y as\u00ed aumentar su compromiso y productividad. asegurando el funcionamiento y futuro de la empresa.<\/p>\r\n\t<strong>Paso 1: Entrada&#8230;<\/strong>Se identifica un problema o necesidad y la organizaci\u00f3n, un grupo\/equipo o individuo comienzan a buscar a alguien calificado que los ayude con el problema y que facilite el cambio o crecimiento.<br \/>\r\n<strong>Paso 2: Inicio&#8230;<\/strong>El practicante de DO entra en acci\u00f3n y empieza a trabajar para identificar las cuestiones e intereses del sistema cliente. Una vez que el \u00abmarco\u00bb inicial del problema se ha clarificado, el practican- te se compromete en el esfuerzo de DO.<br \/>\r\n<strong>Paso 3: Apreciaci\u00f3n y retroalimentaci\u00f3n&#8230;<\/strong>El practicante de DO recopila informaci\u00f3n y datos acerca del problema y del sistema cliente. Despu\u00e9s, la informaci\u00f3n recopilada se presenta ante los tomadores de decisiones y los involucrados relevantes.<br \/>\r\n<strong>Paso 4: Planeaci\u00f3n de la acci\u00f3n&#8230;<\/strong>El practicante de DO, trabajando de manera colaborativa con los tomadores de decisiones y los involucrados relevantes, desarrolla un plan de acci\u00f3n para abordar o corregir los problemas y cuestiones identificados en el Paso 3.<br \/>\r\n<strong>Paso 5: Intervenci\u00f3n&#8230;<\/strong>Se ejecuta el plan desarrollado en el Paso 4. Se implementa la intervenci\u00f3n.<br \/>\r\n<strong>Paso 6: Evaluaci\u00f3n&#8230;<\/strong>El practicante de DO, en conjunci\u00f3n con miembros del sistema cliente, eval\u00faa y valora el impacto que ha tenido la intervenci\u00f3n y qu\u00e9 progreso se ha alcanzado.<br \/>\r\n<strong>Paso 7: Adopci\u00f3n&#8230;<\/strong>El practicante de DO trabaja para asegurar que los miembros del sistema cliente asuman la responsabilidad de la iniciativa o cambio y que tomen los pasos apropiados para implementarlo a trav\u00e9s del sistema cliente (organizaci\u00f3n, grupos de equipo, etc.).<br \/>\r\n<strong>Paso 8: Separaci\u00f3n&#8230;<\/strong>El practicante de DO desarrolla e implementa un plan para salir del sistema cliente. Se incluyen los elementos necesarios para asegurar que la iniciativa o esfuerzo de cambio continuar\u00e1 y que las habilidades y conocimiento necesarios para cumplir lo anterior hayan sido aprendidas y asimiladas por los miembros del sistema cliente.\r\n\r\n","protected":false},"excerpt":{"rendered":"<p>Desarrollo organizacional El desarrollo organizacional es un conjunto de estrategias y t\u00e1cticas planificadas de una empresa compuesta por el talento [&hellip;]<\/p>\n","protected":false},"author":1,"featured_media":0,"parent":0,"menu_order":0,"comment_status":"closed","ping_status":"closed","template":"","meta":{"footnotes":""},"class_list":["post-493","page","type-page","status-publish","hentry"],"_links":{"self":[{"href":"https:\/\/adepyme.com\/index.php\/wp-json\/wp\/v2\/pages\/493","targetHints":{"allow":["GET"]}}],"collection":[{"href":"https:\/\/adepyme.com\/index.php\/wp-json\/wp\/v2\/pages"}],"about":[{"href":"https:\/\/adepyme.com\/index.php\/wp-json\/wp\/v2\/types\/page"}],"author":[{"embeddable":true,"href":"https:\/\/adepyme.com\/index.php\/wp-json\/wp\/v2\/users\/1"}],"replies":[{"embeddable":true,"href":"https:\/\/adepyme.com\/index.php\/wp-json\/wp\/v2\/comments?post=493"}],"version-history":[{"count":3,"href":"https:\/\/adepyme.com\/index.php\/wp-json\/wp\/v2\/pages\/493\/revisions"}],"predecessor-version":[{"id":535,"href":"https:\/\/adepyme.com\/index.php\/wp-json\/wp\/v2\/pages\/493\/revisions\/535"}],"wp:attachment":[{"href":"https:\/\/adepyme.com\/index.php\/wp-json\/wp\/v2\/media?parent=493"}],"curies":[{"name":"wp","href":"https:\/\/api.w.org\/{rel}","templated":true}]}}